s the tens digit of m?
2
Let l be 9/4 + (-1)/4. Suppose l*q = 4*q - 4. What is the units digit of q?
2
Suppose -5*x - 1117 = -4*o, 2*x - 6*x = -o + 271. What is the units digit of o?
3
Suppose -4*a - 2 = -2*a. Let z(x) = -63*x**3 - x**2 - x - 1. What is the units digit of z(a)?
2
Let m = 952 + -564. What is the hundreds digit of m?
3
Suppose -19*t + 2406 = z - 22*t, -2*z = -3*t - 4800. What is the hundreds digit of z?
3
Let w(q) = q**2 + 13*q + 11. Let d be w(0). Let m be (1/2 + 0)*20. Suppose -4 = m*y - d*y. What is the units digit of y?
4
Suppose 0 = 2*z + 2*n - 1398 - 1514, 5*z + n = 7276. What is the hundreds digit of z?
4
Suppose 3*o + 27*o = 23190. What is the hundreds digit of o?
7
Let w(o) = 10*o + 45. Let n(m) = -2*m - 9. Let p(q) = -11*n(q) - 2*w(q). Let k be -6 + (-2 - 8/(-2)). What is the units digit of p(k)?
1
Let w = -67 - -202. Suppose 0 = -14*m + 663 + w. What is the tens digit of m?
5
Let l(v) = 4*v**2 + v + 7. Let c be l(-3). Let z = c + -15. What is the tens digit of z?
2
Let x(n) = 21*n**2 + 2*n + 15. What is the units digit of x(5)?
0
Suppose -11 - 13 = 3*m - c, 5*m - 4*c + 40 = 0. Let s be (2/3)/(m/12). Let d = 2 - s. What is the units digit of d?
3
Let o(f) = 0*f - 5 - 4*f + 23 + 1. What is the units digit of o(-6)?
3
Let p = -2 - -32. Let g be 3 + 1/1 + 1. What is the units digit of 96/p - 1/g?
3
Suppose -4*g + 13492 = -2*c, -3*c + 11300 = 5*g - 5576. What is the thousands digit of g?
3
Let y(t) = -4*t + 7. Let p be y(-5). Suppose 63 = f - 3*b - 2*b, -f + p = 4*b. What is the units digit of f?
3
What is the thousands digit of 5396/(-19)*11/(-2) + 1?
1
Let y = -661 + 912. What is the tens digit of y?
5
Suppose -2*i - 598 + 3360 = 0. What is the thousands digit of i?
1
Let f be -2 + 5 - 1 - 4. Let k(h) = h**3 + 2*h**2 - 2*h - 1. Let s be k(f). What is the units digit of 2*s/6*2?
2
Let w(h) = h**3 - 7*h**2 + 8*h. Let n be w(6). Let o = n + -16. Let t = o + 53. What is the units digit of t?
9
Suppose -2 = 2*d + 2*k - 6, 3*d - k + 2 = 0. Suppose -f = -3 - d. Suppose 56 = 3*c - 5*r, 71 = 5*c - f*r - 49. What is the units digit of c?
7
Suppose 6239 = 3*x - 2*l - 6952, x = 5*l + 4384. What is the tens digit of x?
9
Let g = -158 - -293. Let y = g + -50. What is the units digit of y?
5
Suppose 3*p + 5*a = -2, -5*p + 3*a + 6 = -2. Let m = p - 3. What is the tens digit of (2/(-5))/(m/120)?
2
Let v = -40 + 247. What is the tens digit of v?
0
Let k(u) = u**3 - 4*u + 3. Suppose 0 = 4*t - 15 + 7. Let i be k(t). Suppose 17 = i*d + 5. What is the units digit of d?
4
What is the tens digit of (32/(256/(-12)))/((-2)/1868)?
0
Let p = 416 - 120. Suppose -5*i - v - p = -2*v, -5*v + 182 = -3*i. Let b = -17 - i. What is the units digit of b?
2
Let m(z) = -z**2 - 5*z - 6. Let y be m(-3). What is the units digit of -2*(-2 - y) + 5?
9
Suppose -10*h = -3182 - 4448. What is the units digit of h?
3
What is the units digit of (-872)/(-2)*3 + -3?
5
Suppose -k - 4*k = -15. Let p(d) = 7*d**2 - 2 + 3*d**3 + 10*d - 15*d - 4*d**k + 8. What is the units digit of p(6)?
2
Let h be (-1 + -29)*-4 + -11 + 9. Let t = -55 + h. What is the units digit of t?
3
Let q = 424 + -611. Let r = q - -299. What is the tens digit of r?
1
Let s(u) be the third derivative of -u**5/12 + u**4/12 - u**3/6 - 5*u**2. Let d be s(1). What is the units digit of 50 + (4 - (7 + d))?
1
Let x(z) = -4788*z - 22. What is the hundreds digit of x(-1)?
7
Suppose 2*v - 14 = -5*z, v + 2*z = -v + 14. Let w(o) = 6*o + 28. What is the units digit of w(v)?
0
What is the thousands digit of (35/21 - -3)/((-5)/(-1125))?
1
Let o = -101 - -101. Suppose o = -4*k + 3*h + 202 + 655, 0 = -k - 4*h + 200. What is the units digit of k?
2
Let t(g) = -195*g + 111. What is the tens digit of t(-8)?
7
Let v be (-6)/(-9) + (-4)/(-3). Suppose 0 = 4*g - v - 250. What is the tens digit of g?
6
Let c(m) = 3*m**2 + 42*m + 71. Let a be c(-13). Let i(o) = -o**2 - 5*o - 1. Let r be i(-4). Let k = a - r. What is the units digit of k?
9
Let k(w) = 22*w + 1. Let n be k(3). Let q = -101 + n. Let y = -9 - q. What is the units digit of y?
5
Suppose -98*i + 26 = -96*i. Let p(u) = u**3 - 10*u**2 - 32*u + 25. What is the units digit of p(i)?
6
Let a(m) = m**2 - 9*m + 13. Let p be a(8). Let c(o) = 4*o**2 - 5*o + 7. What is the units digit of c(p)?
2
Suppose 0 = 29*s - 6725 + 229. What is the units digit of s?
4
Let u = 5 + -5. Suppose -4*c - 5*f - 15 = u, -2*c + f - 3*f = 8. What is the units digit of (-6)/(-8) + c/(-20)?
1
Suppose v - 2*v + 4 = 0. Suppose 0*t - 65 = -3*q - 2*t, t + 83 = v*q. What is the tens digit of q?
2
Let h(u) = 2*u**2 - 3*u - 3. Let i(g) = -g**2 + g + 7. Let d be i(0). Let a = d - 10. What is the tens digit of h(a)?
2
Suppose 5*h + 4*d + 16 = 46, 3*h - 3*d + 9 = 0. Suppose -2*i = -7*i + h*k + 81, 8 = 4*k. What is the units digit of i?
7
What is the hundreds digit of (-4)/(-6) - -1783*5/15?
5
Let f be 1416/9 + (-16)/12. Suppose -2*s = -6*s + f. Suppose -c = 9 - s. What is the tens digit of c?
3
Let t(r) = -r**3 + 9*r**2 + 9. Let b be t(9). Suppose 3*v - b - 3 = 0, -44 = 4*s - 4*v. Let k(n) = -n**3 - 7*n**2 - 2*n + 3. What is the tens digit of k(s)?
1
Let z be (3 - (0 - 259)) + 4. Let b = -189 + z. What is the tens digit of b?
7
Let w(o) = -19*o + 10 - 27*o**2 - 3 + 0*o**3 + o**3 + 39. What is the tens digit of w(28)?
9
Let h = 65 + -60. Suppose -7 = h*f - 832. What is the hundreds digit of f?
1
Let a(t) be the third derivative of 7*t**5/60 - t**4/24 - t**3/2 + 4*t**2 + 5. Let j = 6 - 4. What is the units digit of a(j)?
3
Let j(q) = -2*q - 3. Let d be (12/(-24))/(1/30). What is the units digit of j(d)?
7
Let p = -68 + 181. Suppose w + 4*w - 5*n - 175 = 0, -3*w + 5*n = -p. What is the tens digit of w?
3
Suppose -4*y = -6*y - 8. What is the units digit of ((-1060)/30)/(y/6)?
3
Suppose -3*n = t - 417, 4*t + 5*n - 1446 - 208 = 0. What is the tens digit of t?
1
Let a(t) = -t**2 - 14*t - 19. Let w be a(-8). Let h = 29 - w. Suppose 4*v = -5*x + 176, h*v + x + 74 = 2*v. What is the tens digit of v?
3
Let b(m) = -m**2 + 12*m + 25. Let g be b(14). What is the tens digit of (553/14)/(g/(-6))?
7
Let y(k) be the second derivative of -k**4/12 + 13*k**3/6 - 6*k**2 + 4*k. What is the units digit of y(11)?
0
Let i be (8 - 9)/(2/(-34)). Let a(q) = -2*q**3 - 5*q**2 + q + 4. Let w be a(-4). Let h = w - i. What is the tens digit of h?
3
Let g(h) be the second derivative of -3/2*h**2 + 0 + 1/3*h**3 + 5*h + 1/12*h**4. What is the units digit of g(-4)?
5
Suppose 0 = 2*m - 10, -n + 0*n - 3*m + 34 = 0. Suppose o = -0*o + 5*l - 5, 3*l = -5*o + 31. Suppose o - n = -2*z. What is the units digit of z?
7
Let z(c) be the third derivative of 0 + c**2 + 0*c + 11/24*c**4 + 0*c**3. What is the tens digit of z(3)?
3
Suppose -47*f = -50*f + 294. Let v = f + 205. What is the hundreds digit of v?
3
Let b(v) = v**2 + 9*v + 3. Let w(k) = 12*k + 1. Let i be w(-2). Let a = -34 - i. What is the tens digit of b(a)?
2
Suppose 1 = -a, 5*a + 13 = -4*t - 0*a. Let s be -4 - (t - (-7)/(-1)). What is the units digit of -1 + 1 + (s - -4)?
9
What is the tens digit of 7 - (-3)/(-6)*-650?
3
Let w(o) be the third derivative of o**6/120 - o**5/60 - o**4/24 + o**3/3 - o**2. Let g be w(2). Suppose 4*q - g = -0. What is the units digit of q?
1
Suppose -2*g + 3595 - 243 = 0. What is the thousands digit of g?
1
Let u(x) = -x + 4. Let v be u(4). Suppose 4*q = -v + 8. Suppose 81 - 17 = q*g. What is the units digit of g?
2
What is the thousands digit of (-143)/11 + 26 - -2728?
2
Let r = 65 + 534. What is the units digit of r?
9
Let d(q) be the third derivative of q**6/120 - q**5/30 - q**4/8 - 2*q**2. Let s be d(-3). What is the units digit of 3 - -2*s/(-8)?
2
Let h(p) = p**3 - 5*p**2 + 2*p - 7. Suppose -2*i = 4 - 14. Let g be h(i). Suppose 2*m - g*r = 10, -3*r + 25 = 5*m - 0*m. What is the units digit of m?
5
Let j = -38 - -24. Let i be j/(-5) + 3/15. Suppose 4*m - 5*u = 55, -2*m - i*m + 5*u + 70 = 0. What is the tens digit of m?
1
Let i(a) = -36*a + 131. What is the tens digit of i(-13)?
9
Let r be (-4 + 4)/2 - 196*-3. Suppose 6*i - 2*i = r. What is the hundreds digit of i?
1
What is the thousands digit of 8/24 + 50515/15?
3
Let j(h) = -h**2 + 7*h - 6. Let v be j(6). Suppose -5*q + q = v. Let k = q - -23. What is the units digit of k?
3
Let a(m) be the third derivative of 0 +